(-296)/(-14). Let k = n - 15. Let h be (9/(-6))/(k/16). Calculate v(h).
-7
Let o(f) = -f**2 + 17*f - 5. Let b(w) = -w**2 - 179*w + 180. Let i be b(1). Calculate o(i).
-5
Let r(i) = -2*i**2 + 38*i + 45. Let f be r(20). Let u(g) = f - 1 + 0 - 1 + g + g**2. Calculate u(3).
15
Let q(y) = -y**3 - 20*y**2 - 63*y + 18. Let j be q(-16). Suppose 3*d + 0*s + 3*s = -3, j*d = -4*s + 6. Let i(h) = 12 + 2*h - 3 + 3*h - 4*h. Calculate i(d).
4
Let s(v) = -4*v**3 - v - 1. Let b = -343 - -346. Suppose 0 = z + b*j + 1, -z - 17 = 5*j - 16. Determine s(z).
4
Let h(g) be the second derivative of 3*g**5/5 - g**4/12 + g**2 - 989*g. Calculate h(1).
13
Let x(o) = 51*o**2 - 16*o - 53. Let g(v) = -26*v**2 + 1. Let u(k) = -2*g(k) - x(k). Give u(-10).
-9
Let m(i) = -i**2 - 5*i + 17. Let x(f) = -2*f**2 - 11*f + 33. Let t(c) = 5*m(c) - 3*x(c). Let h = 15356 - 15366. What is t(h)?
6
Let r(n) = n**2 - 17*n - 16. Let j be r(18). Let c be (-1)/(j*(-4)/56). Let i(p) = -p - 10. Determine i(c).
-17
Let m(u) = u**3 + 0 + 1 - u**2 - 9*u**3. Suppose 0*z = -3*z + v + 117, -2*z - 4*v = -92. Let k be 3/(-2) - z/(-80). Determine m(k).
8
Let m(c) = -2*c**3 + 3*c**2 - 3*c + 2. Let o = -16 - -21. Suppose u - 27 = -17. Suppose 0 = o*a - 20 + u. Determine m(a).
-8
Let c(z) be the third derivative of 1/60*z**5 + 0*z - 1/6*z**3 + 5/24*z**4 + 0 + 9*z**2. Let i(l) = -l**2 - 5*l. Let s(w) = 5*c(w) + 4*i(w). Give s(-5).
-5
Let l(r) be the third derivative of -r**4/12 - 4*r**3/3 + 99*r**2. Suppose 2*j + 4*m = j - 10, -4*m + 14 = -3*j. Give l(j).
4
Let y(a) = a**2 + 6*a + 7. Let r be y(-5). Let m(b) = -b**3 - 2 - b - 3*b**2 - 1 + 3*b - r. Let c(g) = 3*g - 52. Let q be c(16). Give m(q).
3
Let u be (-4)/(-14)*-1*-7. Suppose 0 = 3*m - 29 + u. Let x(g) = -8*g + 10 + m*g - 1 + 1. What is x(-7)?
3
Let c(t) = t**3 + t**2 + t - 1. Let f(n) = -3*n**3 + 2*n**2 + 2*n - 5. Let g = 20 - 21. Let w(h) = g*f(h) + 4*c(h). Suppose 0 = -5*p - 3 - 2. Calculate w(p).
-6
Let j be (1 + -1)*(17/34 - (-3)/6). Suppose u - 2 = -0. Let k(p) = 5*p - 8 - 5*p + p**u. Give k(j).
-8
Let a be -7*6/(-84)*(37 - 39). Let b(f) = f**2 - 1. Let x(i) = -19*i**3 - 2*i**2 + 2. Let j(v) = -2*b(v) - x(v). Calculate j(a).
-19
Suppose 1359 - 549 = -90*g. Let p(u) = -u**2 - 11*u + 5. Let d(b) = 2*b**2 + 22*b - 10. Let v(z) = -4*d(z) - 9*p(z). Give v(g).
-23
Let k(q) = 9*q**2 + 5*q - 9 + 2*q - q**3 + 4*q. Let y = -600575 - -600585. What is k(y)?
1
Suppose -41 = -2*m - 29. Let v be (-6)/m + (0 - 1)/(-1). Suppose -4*u = -v*u - f - 6, -3*u + 4*f = 2. Let z(y) = 4*y**3 - 3*y**2 + y - 2. Determine z(u).
20
Let m(v) = -6 + 1 + v + 0. Suppose -4*i = -12, 2*r - 2*i + 7*i = 37. Suppose -7*a = -10 - r. Give m(a).
-2
Let b(q) = -2*q**2 - 26*q - 66. Let w be (-4)/(-17 - (0 + -18)). Calculate b(w).
6
Let x(h) be the third derivative of h**4/24 - 13*h**3/6 - 8*h**2 - 117*h. Give x(17).
4
Let a be 3/(-10) - 162/60 - -6. Let p = 4 - 0. Let v(l) = -3*l**2 - 7*l - 4. Let t(c) = 2*c**2 + 6*c + 4. Let g(k) = a*v(k) + p*t(k). What is g(5)?
-6
Let j be (-6 - (-9)/2)*-4. Let u(k) = k + 4*k + 9*k + j - 6*k + k**2. Give u(-7).
-1
Suppose -29 = 4*n + 3*h, 217*h - 33 = -n + 222*h. Let v(u) be the first derivative of u + 1/3*u**3 + 1 + 3/2*u**2. What is v(n)?
-1
Let k(h) = -h**2 + 18. Let z(m) = 2*m**2 - m - 19. Let g(a) = 4*k(a) + 3*z(a). Let n be g(0). Let s(j) = -8 - n - 5 + 4*j + 26. Determine s(-2).
-10
Let w(o) be the first derivative of o**2/2 + o + 78. Suppose 0 = -3*m + 2*t - 14, -2*t + t + 14 = -5*m. Determine w(m).
-1
Let x(v) = 4*v + 8. Let q(i) = -3*i - 8. Let j(r) = 5*q(r) + 4*x(r). Let y = 10 - 15. Let u be ((-2)/y)/((-4)/(-60)). Determine j(u).
-2
Let o = -1000 + 714. Let f = o + 283. Let c(p) = p**2 + p - 3. What is c(f)?
3
Let m(y) = y**3 + 7*y**2 + 10*y + 15. Let b be m(-5). Suppose -17*j + 20*j = -b. Let u(p) = 4*p + 7. Calculate u(j).
-13
Let x(j) = -32*j**2 + 341. Let s(n) = 31*n**2 - 284. Let q(z) = -6*s(z) - 5*x(z). Give q(1).
-27
Let x(l) = l**2 + 8*l - 7. Let n be (8/6)/(8/18) + 1. Suppose -n*o - 4*y + 18 = 46, -2*y = 4*o + 28. What is x(o)?
-14
Let a(m) = m**3 - 17*m**2 + 3*m - 55. Let n = 288 + -271. Let z be a(n). Let s(q) = q**3 + 4*q**2 + q + 5. Give s(z).
1
Let f(i) = 6*i**3 + i**2 - 2. Let a be f(1). Let r be 6*((-27)/(-3) - a). Suppose -6*d + d = -3*m, 3*m + r = -3*d. Let b(p) = p**2 + 6*p - 4. Give b(m).
-9
Let o(a) = -a**2 + a + 77. Let n be o(9). Let q be -11 + n + 5 + -4. Let l(d) = d - 19. Let c(u) = -u + 28. Let s(j) = 5*c(j) + 7*l(j). Give s(q).
-3
Suppose -2*o - 4*q = -304, -2*q = -2*o + 210 + 76. Suppose 0 = -147*f + o*f - 10. Let g(d) = -d - 5. Calculate g(f).
5
Suppose 2*h - 6 = v, 21 = -v - 4*h + h. Let k(g) = g**2 + 18*g + 15. Give k(v).
-57
Let m be 1/(-2) - (-28)/8. Let n(f) = -3*f. Let o(i) = 4*i. Suppose 0 = -r + w, -w - 20 = -3*r - 2*r. Let z(k) = r*n(k) + 4*o(k). Calculate z(m).
3
Let l(j) = 9 + 5*j + 166*j**2 - j - 4 + 0. Let f be l(-1). Let z(h) = 0*h + 0*h + 166 - h**2 - f. Determine z(-3).
-10
Suppose 3*b + 3*a = -42, -4*b + 7*b - 2*a + 12 = 0. Let s(l) = -l**3 - 5*l**2 + 21*l - 6. What is s(b)?
18
Let p(i) = -75*i - 5. Let u(z) = 128*z + 9. Let j(o) = 10*p(o) + 6*u(o). Give j(-2).
-32
Let j = -7167 - -7174. Let z(d) = 4*d**3 + d**2 + 8*d + 1. Let n(f) = 3*f**3 + 2*f**2 + 8*f + 2. Let p(b) = -5*n(b) + 4*z(b). Give p(j).
-13
Let y = -205 - -208. Suppose 4*l = 2*t - 6, 0 = -y*l - 7*t + 6*t + 8. Let c(z) = 3*z**3 - 3*z**2 + 2*z**2 + 0*z**3. Calculate c(l).
2
Suppose 0 = 5*l - s - 163, 5*l + 6*s - s - 175 = 0. Let y = -31 + l. Let v(k) = 1 - 4*k**y - 10 + k**2 - 8*k + 2*k**2. Give v(-6).
3
Let t(d) = -6*d - d**2 + d + 2*d**2 + 2 + 9*d. Let a(m) = -m**2 - m - 2. Let f be a(-2). Give t(f).
2
Let v be (7 - -1)*(-56)/224. Let n(a) = -a**3 - 6*a**2 + 2*a + 4. Give n(v).
-16
Let d = 5 + -8. Suppose 2*n + 10 = 0, -4*w + 9*w + 2*n - 5 = 0. Let h(p) = -164*p + 165*p - 4*p**3 + w*p**3 + 4 - 3*p**2. Determine h(d).
1
Let b = 12754 - 12761. Let d(k) = -6*k + 11. What is d(b)?
53
Let f(k) = k**3 - 32*k**2 - 69*k + 13. Suppose 2*w + 5*z = 78, 7*z + 0 - 14 = 0. Calculate f(w).
-21
Let u = -51 - -63. Let g(b) = -11*b + 3 + u*b - 1 - 6. What is g(5)?
1
Let u(t) = -t**3 - 3*t**2 + 16*t + 47. Let r(q) = -17*q - 1314. Let c be r(-77). Calculate u(c).
17
Let p = 835 - 575. Suppose 100*g - 95*g = -p. Let r = g + 57. Let w(n) = n. Calculate w(r).
5
Suppose 0 = -9*j - 1258 + 5389. Suppose -6*z - 165 + j = 0. Let u(l) = -48*l**2 - 2*l + 7 + 10*l + z*l**2. What is u(-5)?
-8
Let y(m) = -84*m - 1602. Let s be y(-19). Let q(x) = 2*x**2 + 16*x + 24. What is q(s)?
0
Suppose 0 = -41*x - 37*x - 21 - 57. Let h(t) = t**2 - 28*t - 29. What is h(x)?
0
Let p(x) be the third derivative of 5*x**4/24 - 7*x**3/2 - 1816*x**2. Determine p(11).
34
Suppose 0*s + 24 = -4*s. Let l(h) = -2*h - 12. Let w be l(s). Suppose 6*z = -w*z + 42. Let g(a) = -a**2 + 9*a - 8. Calculate g(z).
6
Suppose -2*h + f = -18, 4*f - f + 44 = 5*h. Suppose -t - t = h. Let p(c) = 3*c - 8. Let s(m) = 2*m - 6. Let n(k) = 3*p(k) - 4*s(k). Give n(t).
-5
Let g(x) = -x**3 - 29*x**2 - x - 26. Let u be g(-29). Let v(z) = -218*z**3 + z**2 + 3*z + 4*z**2 - 2 + 219*z**u. Determine v(-3).
7
Let i(l) = 5*l - 82. Let n(t) = 4*t - 66. Let f(d) = -5*i(d) + 6*n(d). Determine f(18).
-4
Let n(u) = -u**3 + 8*u**2 - 50*u + 227. Let q be n(6). Let o(w) = 2*w + 0*w - 5*w**2 + 1 - w + 12*w**2. Determine o(q).
7
Let k(h) = -h + 24. Let n be k(24). Suppose n*y - 28 = 7*y. Let l be (7/3)/((12/9)/y). Let c(b) = b**3 + 6*b**2 - 10*b. Determine c(l).
21
Let b(u) be the second derivative of 5*u**4/12 + 17*u**3/6 + 15*u**2 - 2014*u + 3. Calculate b(-2).
16
Let f(n) = -6*n + 76. Suppose -580 + 605 = -c - 5*t, -3*c = 3*t - 21. Give f(c).
-14
Let g(f) = -f**2 + 9*f - 5. Suppose 0*u + 4*c - 31 = u, 5*u = 2*c - 155. Let j = 54 + -14. Let b = j + u. Determine g(b).
-5
Let u(d) = d**3 + 11*d**2 - d - 14. Suppose 1666*m = 1680*m + 154. Determine u(m).
-3
Let o(y) be the first derivative of 1/3*y**3 + 20 - 3*y - 5/2*y**2. Determine o(9).
33
Let t = -21 + 24. Suppose -3*j - t*n = -0*j - 30, -19 = -4*j + 3*n. Let w(o) = -o**2 + o + 1. Let r(a) = -5*a - 5. Let q(b) = -r(b) + w(b). Calculate q(j).
-1
Let v(y) be the second derivative of -31*y**3/6 + 196*y**2 - 3*y + 713. What is v(13)?
-11
Let w(j) be the second derivative of j**5/20 - 